sor of y and 3.
3
Suppose 0 = f + 5*v - 2*v + 157, -2*v = 5*f + 824. Let l = 190 + f. What is the greatest common factor of 36 and l?
12
Let h(t) = -28*t**3 + 2*t**2 - 7. Let y(x) = -26*x**3 + 2*x**2 - 6. Let c(f) = 4*h(f) - 5*y(f). Let z be c(1). Calculate the highest common factor of z and 234.
18
Suppose 216*a = 73*a + 60918. What is the highest common factor of a and 6?
6
Let x be 40/(-120)*6/1*1. Let t be 16/24*(-1 + x) - -18. Calculate the greatest common factor of 592 and t.
16
Suppose 3*k + m = 843, -2*k - 292*m + 540 = -295*m. Calculate the greatest common factor of 81 and k.
9
Let u(d) = -d**3 + 111*d**2 + 19*d + 1538. Let j be u(111). Calculate the greatest common divisor of j and 14.
7
Let z be ((-54)/(-7) + -8)/((-1)/7). Suppose -z*r - 164 = -d, 4*d - r = -4*r + 634. What is the highest common factor of 32 and d?
32
Let c(m) be the second derivative of m**2 + 0*m**3 - 1/20*m**5 + 0 + 30*m + 3/4*m**4. Let z be c(7). What is the greatest common factor of 40 and z?
20
Let h be -1 - -2 - (2 - 1) - 163. Let j = h + 175. Suppose -5*z - 4*v + 3*v + 545 = 0, -z - 3*v + 123 = 0. What is the highest common divisor of z and j?
12
Let h be 3/(-60) + 3347281/820. What is the highest common divisor of h and 26?
26
Let c = 11012 + -10996. What is the greatest common divisor of 28 and c?
4
Suppose 17*a - 1677 - 7360 = 4886. What is the highest common factor of a and 546?
273
Suppose 0 = 4*b - c - 53, -5*c + 71 = 4*b - 0*b. Suppose -15*p + 12 = -b*p. Calculate the greatest common divisor of 18 and p.
6
Let l = -4974 - -4991. Calculate the highest common divisor of 5015 and l.
17
Suppose -3*c - 4*f + 2 = 31, -f = 3*c + 14. Let u be (c - -10) + (1 - -4). Let v be u + 45/(-5) + 5. What is the greatest common divisor of v and 10?
2
Let n(w) = -3*w - 11. Suppose 0 = -5*s - i - 26 - 17, s + 3*i = -17. Let g be n(s). Let f = 543 + -439. What is the greatest common factor of g and f?
13
Suppose -20 = -33*x + 28*x, 0 = -5*l + 5*x + 230. Calculate the highest common divisor of 40 and l.
10
Let q(l) be the second derivative of l**5/20 + 3*l**4/4 + 17*l**3/6 - 6*l**2 - 86*l. Let u be q(-5). What is the highest common factor of u and 7?
1
Let z(k) = k**2 - 2*k. Let w be z(3). Let a be (-4)/12*15/(3/w). Let o(j) = 2*j**2 + 9*j + 13. Let u be o(a). What is the greatest common factor of 144 and u?
18
Let b(j) = -7*j - 3. Let p be b(-3). Suppose 8*o + 52 - 177 - 115 = 0. Let a = o - p. Calculate the highest common divisor of 8 and a.
4
Let l be 6/(-4) - (1 - (-7400)/(-16)). Let y = 465 - l. What is the highest common factor of 260 and y?
5
Suppose 466 = -6*s + 4*s. Let f = s - -409. Suppose 0 = -2*r - 131 + 163. Calculate the highest common divisor of r and f.
16
Let a = -2697 + 2820. What is the highest common divisor of a and 3321?
123
Suppose -107*n = -100*n - 3143. Let g = n - 398. Calculate the greatest common factor of 272 and g.
17
Suppose -d + 53 = -38. Suppose -5*u = -3*u - 4*y - 116, -y + 101 = 2*u. Calculate the highest common factor of u and d.
13
Let i be (1 - 5)*31/2. Let u = 32 + i. Let c = u + 62. Calculate the greatest common divisor of c and 48.
16
Let u be (58/6 - 8)/(5/36). Suppose -3*v - 2*m + 10 = -0*m, -5*m = 5. Calculate the greatest common factor of u and v.
4
Let k(d) = -d**3 + 0 + 5 + 3*d + 10 - d**2 - 2*d. Let j be k(0). Let z = -7787 + 7952. Calculate the highest common factor of j and z.
15
Let i be -5*(-50)/(-175)*28/(-2). Calculate the highest common factor of 1270 and i.
10
Let l be ((-2)/10)/1 - (-88)/40. Let p(o) = -20 + 22*o**2 + 33*o**l + o + 22. Let b be p(2). What is the greatest common factor of 28 and b?
28
Let m be 4/24*(1 + 1 - -4). Let o be (-71)/(-2) + m/(-2). Calculate the greatest common divisor of 140 and o.
35
Suppose 7*m = 4783 + 537. Let t = m + -684. Calculate the highest common divisor of 4 and t.
4
Let o(s) = 14 + 68 + 67*s + 14*s**2 - 55*s. Let z be o(-5). What is the greatest common factor of 12 and z?
12
Suppose -4*w = -4*r + 4, 7*w - 5*r = 5*w - 5. Let s = 54 + -31. Suppose w = m - 13 - s. Calculate the greatest common factor of m and 90.
18
Let j = -60 - -72. Suppose 136*d + 592 = 140*d - 8*w, 3*d - 5*w = 439. Calculate the highest common factor of d and j.
6
Let s = 556 - 481. Calculate the greatest common factor of s and 1935.
15
Let y = 19719 - 19699. Let h = 13 + -3. Calculate the greatest common factor of y and h.
10
Let t(b) = 1 - 1 - 2*b - 9 - 1. Let o be t(-7). What is the highest common divisor of 4 and o?
4
Let w = 6448 + -6409. What is the greatest common divisor of 12 and w?
3
Let v be (-20)/(1/(-14)*1). Let h be 15/75 - (-5)/((-50)/272). Let o be h - -30 - (-37)/1. Calculate the highest common divisor of o and v.
40
Suppose 108 = -101*n + 105*n. Calculate the highest common divisor of n and 2403.
27
Let y = 5621 - 5481. Calculate the greatest common divisor of 275 and y.
5
Let v be 0*(-7)/(-91) + (30 - (5 + -2)). Calculate the greatest common factor of v and 1.
1
Let t = -66598 + 66906. Suppose 0*m - 3*m + 132 = 0. What is the greatest common factor of t and m?
44
Let q(g) = 193*g - 12. Let a be q(1). Let z = 232 - a. What is the highest common factor of 17 and z?
17
Suppose -3*x + 59 = 3*u + 5, 5*x - 78 = u. Let m(b) = -7*b**2 + 792*b - 2406. Let r be m(110). Calculate the highest common divisor of x and r.
2
Let f(c) = c**2 - 2*c - 6. Let o be f(-6). Let d(r) = 15630*r - 78052. Let h be d(5). What is the highest common divisor of h and o?
14
Suppose 30*z + 27*z = -38*z + 1213625. What is the greatest common divisor of z and 35?
35
Let f(y) be the second derivative of 7/6*y**3 + 0 - 4*y**2 - 8*y. Let r be f(8). Calculate the greatest common factor of 12 and r.
12
Suppose 14*z - 1767 - 1670 = -2877. Suppose -25 = -5*t, f + 3*f - 1415 = 5*t. Calculate the highest common factor of f and z.
40
Let b(s) = 75*s + 624. Let f be b(-8). What is the highest common divisor of f and 294?
6
Let v be -16*(1*3/(-12) + 0). Suppose -3*c + h + 27 = 0, -3*h = c - v*h - 9. What is the greatest common factor of 36 and c?
9
Let r(i) = 2*i + 38. Let n be r(0). Let y = -12 + n. Let b = 503 + -269. Calculate the greatest common factor of y and b.
26
Suppose -4*k - 8*i = -3*i + 755, -913 = 5*k - 4*i. Let z = k + 227. Calculate the highest common divisor of z and 24.
6
Suppose y = 2*i - 1 - 227, 1182 = -5*y - 4*i. Let d = -230 - y. Calculate the greatest common factor of d and 108.
4
Let v be (2840/(-160) + -49)*4*-1. Calculate the highest common factor of 10680 and v.
267
Suppose 7*f - 4526 = 2236 + 3990. Calculate the greatest common factor of 96 and f.
96
Let n = 4970 - 4827. Calculate the greatest common factor of n and 377.
13
Let t(b) = -7*b + 44. Let o be t(6). Let l be ((-6)/(-4) - o)*8. Let a be 1 - (l - (3 + -4)). What is the highest common divisor of a and 1?
1
Let v be 1106/237*(-5)/(-10)*9. Let s = 2 - -1. Let j be (s/(-2))/(2/(-4)). What is the highest common divisor of j and v?
3
Suppose -24*r + 5*r = 3*r. Let h(n) = -n**2 + 2*n + 26. Let l be h(r). Let c be 9*(1 + 69/9). What is the highest common divisor of l and c?
26
Let t(w) be the first derivative of w**4/4 - 14*w**3/3 + 21*w**2/2 + 12*w - 1. Let s be t(12). Let d = -18 - s. What is the greatest common factor of d and 18?
6
Let o(x) = 2*x**3 - 2*x**2 - 2*x + 40. Let p be o(0). Let k = -1184 - -2464. What is the greatest common divisor of k and p?
40
Let c = -243 + 245. Suppose 405 + 819 = 4*j + c*g, 4*j = g + 1212. Calculate the highest common divisor of j and 114.
38
Let o(m) = 5*m + 27. Let l be o(-11). Let s = l + 15. Let r(a) = -a**3 - 14*a**2 - 13*a + 14. Let h be r(s). Calculate the greatest common divisor of h and 112.
14
Let h = 4177 - 3985. Calculate the highest common factor of h and 24.
24
Let n(x) = -54*x**3 - 2*x**2 - 3*x + 14. Let k be n(-3). What is the greatest common divisor of k and 385?
77
Let j(m) = 2*m**2 + 19*m + 51. Let a be j(-4). Suppose 3*i - 376 = v, 9*v - a*v - 634 = -5*i. What is the highest common divisor of 441 and i?
63
Let n(d) = 13 + 1 - 10*d - d**2 + 2*d - 3*d. Let h be n(-8). Let c be (-57)/(-2)*1*2. Calculate the greatest common divisor of h and c.
19
Let y = 10 + 266. Let c = 21 + y. What is the greatest common factor of c and 33?
33
Suppose 0 = -c + 7*j - 2*j + 55, -3*c = -j - 123. What is the greatest co